 the prime factors of 15653166?
2, 3, 2608861
What are the prime factors of 423668491?
1429, 296479
List the prime factors of 2743008.
2, 3, 28573
List the prime factors of 2536812401.
2536812401
What are the prime factors of 150853960?
2, 5, 317, 11897
List the prime factors of 260968422.
2, 3, 11, 13, 103, 2953
What are the prime factors of 464870577?
3, 293, 528863
List the prime factors of 570014281.
59, 991, 9749
What are the prime factors of 372969434?
2, 251, 742967
List the prime factors of 378234408.
2, 3, 15759767
What are the prime factors of 527341111?
11, 4358191
What are the prime factors of 3295746607?
3295746607
What are the prime factors of 1601358196?
2, 31, 3011, 4289
What are the prime factors of 1780382967?
3, 11, 89, 733, 827
What are the prime factors of 2349553085?
5, 11, 17, 31, 103, 787
List the prime factors of 1880226015.
3, 5, 89, 1408409
List the prime factors of 909246542.
2, 454623271
What are the prime factors of 50010707?
5413, 9239
What are the prime factors of 176425798?
2, 2609, 33811
What are the prime factors of 51845062?
2, 281, 92251
List the prime factors of 548401114.
2, 101, 197, 13781
What are the prime factors of 53858963?
53858963
List the prime factors of 681068654.
2, 7, 17, 29, 101, 977
What are the prime factors of 4057641498?
2, 3, 17, 151, 15497
List the prime factors of 1547006614.
2, 43, 1433, 12553
What are the prime factors of 436521541?
431, 1012811
What are the prime factors of 84950215?
5, 7, 593, 4093
What are the prime factors of 22251708?
2, 3, 17, 103, 353
List the prime factors of 42578202.
2, 3, 19, 139, 2687
List the prime factors of 441858719.
441858719
What are the prime factors of 4161888201?
3, 17, 6619, 12329
What are the prime factors of 4535886678?
2, 3, 61, 12393133
What are the prime factors of 2154688820?
2, 5, 277, 388933
List the prime factors of 24208605.
3, 5, 103, 1741
What are the prime factors of 3113605369?
7, 17, 1539103
What are the prime factors of 84246952?
2, 2417, 4357
What are the prime factors of 1774304407?
1774304407
List the prime factors of 1869450065.
5, 7, 73, 731683
What are the prime factors of 134063992?
2, 337, 49727
List the prime factors of 68563537.
7, 31, 315961
List the prime factors of 4629290655.
3, 5, 11, 17, 1650371
List the prime factors of 490821213.
3, 251, 651821
What are the prime factors of 39940715?
5, 503, 15881
List the prime factors of 278926560.
2, 3, 5, 11, 17609
What are the prime factors of 2694844481?
7, 709, 542987
List the prime factors of 2363703554.
2, 617, 1915481
What are the prime factors of 3189960089?
26141, 122029
List the prime factors of 189000718.
2, 59, 211, 7591
List the prime factors of 80522445.
3, 5, 43, 127, 983
List the prime factors of 316814389.
31, 10219819
What are the prime factors of 1354191162?
2, 3, 2377, 94951
What are the prime factors of 7556944984?
2, 61, 15485543
List the prime factors of 1747020481.
1747020481
List the prime factors of 157045765.
5, 457, 68729
List the prime factors of 479987892.
2, 3, 59, 225983
List the prime factors of 5465738329.
179, 283, 107897
What are the prime factors of 27494186?
2, 2957, 4649
What are the prime factors of 120730628?
2, 30182657
What are the prime factors of 29716888?
2, 53, 109, 643
What are the prime factors of 589113494?
2, 294556747
What are the prime factors of 210466122?
2, 3, 2389, 14683
What are the prime factors of 9236406?
2, 3, 17, 83, 1091
List the prime factors of 445661989.
79, 5641291
What are the prime factors of 11024133?
3, 3674711
What are the prime factors of 589233617?
7, 17, 109, 45427
List the prime factors of 334786884.
2, 3, 743, 37549
What are the prime factors of 15037832?
2, 1879729
List the prime factors of 2681562893.
23, 41, 123637
What are the prime factors of 129184803?
3, 11, 313, 379
List the prime factors of 185190089.
7, 23, 1150249
What are the prime factors of 48685489?
1297, 37537
What are the prime factors of 3465544243?
7, 11587, 42727
List the prime factors of 91221338.
2, 13, 1567, 2239
List the prime factors of 4820392340.
2, 5, 19, 3511, 3613
List the prime factors of 27540000.
2, 3, 5, 17
What are the prime factors of 2672815552?
2, 11, 47, 80779
List the prime factors of 60755317.
7, 41, 211691
List the prime factors of 134661744.
2, 3, 7, 44531
List the prime factors of 594337183.
11, 191, 457, 619
List the prime factors of 4138371228.
2, 3, 19, 53, 342467
List the prime factors of 885521660.
2, 5, 44276083
List the prime factors of 8023167.
3, 17, 41, 1279
What are the prime factors of 479234132?
2, 13, 977, 9433
What are the prime factors of 50566356?
2, 3, 17341
List the prime factors of 13225763.
13225763
List the prime factors of 3189922992.
2, 3, 23, 321047
What are the prime factors of 1513108803?
3, 504369601
List the prime factors of 113678547.
3, 647, 58567
What are the prime factors of 2186748286?
2, 193, 5665151
List the prime factors of 1511703959.
59, 193, 132757
What are the prime factors of 98955828?
2, 3, 131, 20983
List the prime factors of 163803859.
163803859
List the prime factors of 53311095.
3, 5, 394897
What are the prime factors of 168274563?
3, 73, 768377
What are the prime factors of 1613238616?
2, 11, 18332257
What are the prime factors of 1453460252?
2, 19, 23, 229, 3631
List the prime factors of 2051805237.
3, 11689, 58511
List the prime factors of 155612248.
2, 11, 1768321
What are the prime factors of 962747362?
2, 71, 6779911
List the prime factors of 2356243808.
2, 19, 3875401
What are the prime factors of 60764899?
13, 4674223
What are the prime factors of 306708222?
2, 3, 19, 239, 11257
List the prime factors of 32696910.
2, 3, 5, 19, 19121
List the prime factors of 542404402.
2, 149, 1229, 1481
What are the prime factors of 280009310?
2, 5, 7, 4000133
What are the prime factors of 127800728?
2, 11, 1452281
List the prime factors of 324680007.
3, 108226669
What are the prime factors of 375633994?
2, 3301, 56897
What are the prime factors of 1593110221?
37, 61, 199, 3547
What are the prime factors of 184449365?
5, 41, 899753
List the prime factors of 31848631.
31848631
What are the prime factors of 80167944?
2, 3, 3340331
List the prime factors of 39041597.
7, 163, 34217
List the prime factors of 6227763.
3, 17, 19, 6427
What are the prime factors of 9290407?
7, 1327201
What are the prime factors of 206025446?
2, 11, 449, 20857
What are the prime factors of 343810514?
2, 269, 639053
What are the prime factors of 678638270?
2, 5, 853, 79559
List the prime factors of 234336062.
2, 117168031
What are the prime factors of 7438436401?
11, 61474681
List the prime factors of 99715509.
3, 3693167
List the prime factors of 28095601.
28095601
What are the prime factors of 365605048?
2, 79, 578489
What are the prime factors of 95117382?
2, 3, 19, 92707
List the prime factors of 85943637.
3, 13, 37, 19853
What are the prime factors of 151046508?
2, 3, 31, 151, 2689
What are the prime factors of 36544212?
2, 3, 67, 109, 139
What are the prime factors of 2445458599?
2445458599
What are the prime factors of 444901960?
2, 5, 653, 17033
What are the prime factors of 425822951?
83, 5130397
What are the prime factors of 207871186?
2, 2957, 35149
List the prime factors of 474080325.
3, 5, 6321071
List the prime factors of 141059209.
1009, 139801
List the prime factors of 325595465.
5, 13, 1867, 2683
List the prime factors of 3442081571.
137, 25124683
List the prime factors of 1038235078.
2, 519117539
List the prime factors of 793819240.
2, 5, 19, 23, 45413
What are the prime factors of 316053251?
163, 1938977
List the prime factors of 70126444.
2, 47, 113, 3301
What are the prime factors of 2545184281?
103, 24710527
What are the prime factors of 56058139?
56058139
List the prime factors of 331888299.
3, 6101, 18133
List the prime factors of 82094261.
82094261
What are the prime factors of 79753674?
2, 3, 7, 11, 13, 271
What are the prime factors of 152987748?
2, 3, 37, 344567
List the prime factors of 3104152687.
3104152687
List the prime factors of 216354305.
5, 769, 56269
What are the prime factors of 74291728?
2, 7, 663319
List the prime factors of 40346301.
3, 23, 25423
What are the prime factors of 1875548801?
7, 113, 2371111
List the prime factors of 78740188.
2, 359, 